common divisor of t and k?
9
Let s(q) = -q**3 + 73*q**2 - 881*q + 12. Let a be s(16). What is the highest common factor of 92 and a?
4
Suppose -11*r + 7*r - 9872 = -4*m, 0 = -5*r - 10. What is the highest common factor of m and 9?
9
Suppose 9*b - 192 = 12*b. Let i be 9/(-12)*b/4. Let y = -3 - -33. Calculate the greatest common factor of y and i.
6
Let h be (-3 - -5 - 111)*-1. Let v = h - 101. Calculate the highest common factor of v and 312.
8
Let n(d) = d**2 + 8*d + 17. Let v be n(-5). Let l be ((-1)/v)/((-11)/(-330)). Let r be (-1 - -1) + 5/(l/(-81)). What is the greatest common factor of r and 216?
27
Let r(z) = 232*z**2 + 16*z. Let s be r(3). Calculate the greatest common factor of s and 267.
267
Suppose -s = -5*h - 2, 5*s + 21 = 5*h + 31. Suppose 3 = 4*i - i. Let o be 2 + -1 + 24/(i + s). What is the highest common divisor of o and 9?
9
Suppose -280 = -p + 3*x + 1059, -30 = -5*x. Calculate the highest common divisor of p and 118.
59
Let k be ((4420/(-51))/26)/(1/6*-2). Calculate the highest common factor of 5660 and k.
10
Let p(l) = 30*l**2 + 9*l - 23. Let c be p(-7). Let a = c + -669. Calculate the greatest common factor of a and 55.
55
Let d be (-21062)/(-10) - (-2 + (-154)/(-70)). What is the greatest common divisor of d and 858?
78
Suppose 0 = -4*g + 5*s + 2833, 0 = 5*g + 4*s + s - 3485. Suppose 316*r = 319*r - g. Calculate the greatest common factor of 26 and r.
26
Let a(u) = 3*u**2 + 118*u - 39. Let i be a(-40). Calculate the highest common divisor of 5 and i.
1
Let g be (-1013)/(-4) - 3/12. Let k = -114 - -137. Suppose -2*h + k + 23 = 0. Calculate the highest common factor of h and g.
23
Suppose 13*j = 173 - 17. Let h be j - (11/33)/(1/9). Let x(c) = 16*c**2 + c + 1. Let d be x(-2). What is the highest common divisor of d and h?
9
Let y be (-782)/(-6) - 2/6. Suppose 5*u + 3 = -17, 27 = -5*d - 3*u. Let c be (-6)/(d - (101/(-26) - -1)). What is the highest common divisor of y and c?
26
Let o(s) = -9*s + 1. Let t be o(2). Let i be 2/3*(1 - t). Suppose -2110 = 53*p - 4018. Calculate the greatest common factor of i and p.
12
Let l = -25 - 22. Let b = -45 - l. Suppose 4*d = b*d + 8. Calculate the greatest common divisor of d and 32.
4
Let u(f) = -605*f + 2595. Let w be u(4). Calculate the highest common factor of 32725 and w.
175
Suppose 1172 = -68*d + 5932. What is the greatest common factor of 7945 and d?
35
Suppose 0 = 4*x + f - 179, x - 2*f - 45 + 7 = 0. Suppose 0 = -2*a + 2*h + x, -31 = 24*a - 27*a - 4*h. What is the greatest common divisor of a and 629?
17
Let y = 241 - -84. Suppose 116 = 5*n + 3*s, -3*s = -3*n - 0*n + 84. Calculate the highest common factor of y and n.
25
Let r be (-3615)/482*(-252)/5. What is the greatest common factor of 798 and r?
42
Suppose 9 = 5*h + x, h = -5*x + 28 - 31. What is the highest common divisor of h and 637?
1
Let o be 130/4 - 4/8. Let w = -31002 + 31146. Calculate the highest common divisor of w and o.
16
Suppose 0*m + 320178 = 34*m - 296718. What is the highest common factor of 32 and m?
32
Suppose m + 4*m + 90 = 5*a, 4*a = 3*m + 74. Let h = -23 - -28. Suppose 0 = h*x - 577 - 123. What is the highest common factor of x and a?
20
Let w = 8712 + -8680. Suppose 0 = 5*x + 3*j - 1585, 4*x + 3*j = -0*j + 1265. Calculate the greatest common divisor of x and w.
32
Let k be 28 - (1/(-40)*-5 - (-2)/(-16)). Calculate the highest common divisor of 1162 and k.
14
Let i = 38 - 86. Let x = i - -51. Suppose -17 = -x*j + 7. Calculate the greatest common factor of j and 64.
8
Let o = -442 - -472. Suppose -4*w - o = 4*z - 330, 0 = 5*z + 4*w - 380. Calculate the highest common divisor of z and 200.
40
Let m be (-1)/(3 + -1)*(-7 + 1). Suppose -m*p + 1173 - 351 = 0. Suppose -4*k - 48 = 2*i - p, -i = -k - 116. What is the highest common factor of i and 23?
23
Suppose 2529 + 5958 = 99*s + 567. Calculate the highest common factor of 75 and s.
5
Let t(k) = k**3 - 83. Let u be t(7). Calculate the highest common divisor of 400 and u.
20
Let w be (-271 + 273)/(1/24). What is the greatest common factor of 176 and w?
16
Let o be (-3)/((-3)/2)*43. Let v be (291/6 - 6) + 9/(-180)*-10. Calculate the highest common factor of v and o.
43
Let m be 594/21 - 4/14. Suppose 2*j - 254 = 14*h - 9*h, -6*j = -3*h - 690. What is the greatest common factor of j and m?
28
Let v(k) = -k**2 + 9*k + 62. Let x(t) = -4*t + 27. Let l be x(4). Let a be v(l). What is the greatest common factor of 320 and a?
40
Suppose -1 = -22*w + 19*w - 5*q, -w + 4*q = -23. Suppose -w*l - 136 + 850 = 0. Let g = 18 - -16. Calculate the highest common divisor of g and l.
34
Let z be 8/8 - ((-12)/(-8) - 165/2). Calculate the highest common divisor of z and 410.
82
Suppose 5*f - 473 = 22*m - 19*m, -3*m + 437 = 5*f. What is the greatest common factor of 9191 and f?
91
Let n be (-3551)/(-13) - 4/26. Let k = n + -185. Let f be (34 - 1)*(-12)/54*-3. Calculate the greatest common factor of k and f.
22
Suppose 273*s + 4131 = 290*s. What is the greatest common divisor of s and 9801?
81
Suppose -2*d - 22384 = -4*u, d - 12 = 3*d. What is the greatest common divisor of 119 and u?
119
Suppose -3*y = -5*r - 569, 4*y = 3*r + 157 + 576. Calculate the highest common factor of 2403 and y.
89
Let b = -27 + 678. Let m be 168/3*(12735/360 - 35). What is the highest common divisor of m and b?
21
Let n = 16 - 10. Let o = n - 5. Let b be 38/19*(-4)/(-8). Calculate the highest common divisor of o and b.
1
Let g(w) = 107*w**2 + 239*w - 939. Let d be g(4). Calculate the highest common factor of d and 1995.
133
Let u be (4/2)/(402/99897). What is the highest common factor of 35 and u?
7
Suppose -5*c = -2*j + 357, 4*c + 631 = 5*j - 236. Let i = 38 - 29. Calculate the greatest common divisor of i and j.
9
Suppose -2*z = 2*z - q - 35, 0 = -3*z - 5*q + 9. Let a be 0 - 218/z - 11/(-44). Let g be -1*(4 + 1 + a). What is the greatest common factor of 132 and g?
22
Suppose 15 + 293 = 11*j. Let d = j + -24. Suppose d*z = z + 138. Calculate the highest common divisor of z and 368.
46
Let b(d) = -5*d - 7. Let t be b(-3). Let v = 58 - 87. Let g = 117 + v. What is the highest common divisor of t and g?
8
Let z = -2839 + 2873. Calculate the greatest common divisor of 5678 and z.
34
Let m(q) = -q**2 + 83*q + 3880. Let r be m(116). Calculate the greatest common divisor of 3822 and r.
26
Let d(c) = -c**2 - 25*c + 58. Let j be d(2). Suppose 4*m = 2*r + 10, 4*r + j*m - 6 - 10 = 0. Calculate the highest common factor of r and 58.
1
Let c be (-10432)/(-128) - (-9)/(-6). Let p = -504 - -744. What is the greatest common divisor of p and c?
80
Let v(x) = 2*x + 8. Let c be -3 - (1 + 1 + -2) - -3. Let j be v(c). Suppose 4*s + 1 = -3*m + j, 2 = 3*m + 5*s. Calculate the greatest common factor of 3 and m.
3
Let v(m) = m**3 + 15*m**2 + m - 20. Let d be v(-14). Let l = 170 - d. Calculate the highest common divisor of l and 44.
4
Let q = -22 - -47. Let p = -715 + 940. What is the greatest common divisor of q and p?
25
Let y be (-1)/(30/(-5)) + 2/(-12). Let p be (-17)/((-9)/18 + y). Calculate the greatest common divisor of p and 68.
34
Let v = 0 - -8. Let f = -4217 + 4649. Calculate the highest common divisor of v and f.
8
Let g = 866 + -844. What is the greatest common factor of 1342 and g?
22
Let q be 37/4*(3 - -1). Let g = -56 - -389. Calculate the highest common divisor of q and g.
37
Let c(r) = -r**2 + 97*r - 927. Let b be c(44). What is the greatest common factor of 15 and b?
5
Let v be -5*12*4/80. Let w be (v + 177)/6 + 3. What is the highest common factor of w and 4?
4
Let r be (30/12)/(2/76). Suppose 0 = 4*f + 5*j + 900, 4*j = -3*f + 5*j - 656. Let b be f/(-12) + 6/9 + 0. What is the highest common factor of b and r?
19
Suppose -204 = -2*f + 4*l, 0 = 5*f + 5*l - 496 - 74. What is the highest common divisor of 310 and f?
10
Suppose 4*n + 2*o = 4209 - 839, -2529 = -3*n - o. Let c = -496 + n. Calculate the highest common factor of c and 24.
12
Suppose -4*u + 20 = -f, 2*f + 16 = 3*u + f. Let a = 57 - 55. Suppose -2*i - g = -8, -u*i + 0*g + 5*g = -a. Calculate the highest common divisor of 9 and i.
3
Suppose 154 = s - 5*i, 86 + 68 = s - 4*i. Calculate the greatest common factor of 308 and s.
154
Let p(i) = -14*i - 85. Let w be p(-9). What is the greatest common divisor of w and 11029?
41
Suppose 3*r + 753 = 3*p, 2*r + 